0).
-12
Let z(q) = q**3 - q**2 - 5*q + 2. Suppose 2*s - 35 = s + 4*n, -5*s + 99 = -n. Let u = s + -16. Determine z(u).
5
Let p = -1 + 3. Let r(v) = 3*v**2 + 8*v + 2. Let b(g) = 2*g**2 + 7*g + 1. Let z(a) = 5*b(a) - 4*r(a). Give z(p).
-5
Let t(v) = 3*v**3 + 12*v**2 + 12*v - 3. Let m(b) = b**3 + 4*b**2 + 4*b - 1. Let k(f) = -11*m(f) + 4*t(f). Determine k(-3).
-4
Let y(t) be the third derivative of t**5/20 - t**4/8 - 4*t**3/3 + 3*t**2. Let g(j) = -j**2 + 1. Let f(l) = 2*g(l) + y(l). Give f(5).
4
Let x be 3/(-18)*2*-12. Let p(w) = 4*w + x*w**3 - 8*w + 0*w**3 + 3 - 3*w**3 - 3*w**2. Let h be 1/4 - (-30)/8. What is p(h)?
3
Let n(k) = 3*k + 1. Let q(b) = 4*b + 1. Let v(d) = 3*n(d) - 2*q(d). Let p = -1 + 0. Determine v(p).
0
Let v = 16 - 12. Let j(t) = -t**3 + 6*t**2 - 4*t + 1. Determine j(v).
17
Suppose -10 = -4*h + 10. Let z(n) = -n + 0*n + 0*n - 2. Determine z(h).
-7
Let n(l) = l**3 - 8*l**2 + 6*l + 10. Let x(g) = -g**3 + 18*g**2 - 16*g - 10. Let w be x(17). Calculate n(w).
3
Let c(b) be the third derivative of b**6/120 - b**5/30 + b**3/3 + 5*b**2. Calculate c(2).
2
Let x(h) = -h**3 + h**2 - 4. Let a be (-2*1/2*0)/(-1). What is x(a)?
-4
Let x = 117 + -110. Let d(t) = -2*t + 7. Calculate d(x).
-7
Let g(d) be the second derivative of d**4/12 + d**3/3 - d**2/2 + 2*d. Let q be 4 - 2/2 - 9. Let c = 2 + q. Calculate g(c).
7
Let x(r) be the second derivative of -r**3/6 + 5*r**2/2 + 19*r. What is x(6)?
-1
Let v(z) = -z**2 - 3*z - 10. Let x(l) = -l. Let p(w) = -v(w) - 5*x(w). Determine p(-7).
3
Let h(r) = 6*r**2 - 5*r - 1. Suppose 4*m - 9 = 3*g + 3, -4*g - 6 = -2*m. Let f(p) = p**2 - 2*p**2 + g*p**2. Let j(b) = 5*f(b) + h(b). Give j(4).
-5
Let q(n) = 26*n**2 - 6*n - 5. Let a(o) = 9*o**2 - 2*o - 2. Let y(h) = 8*a(h) - 3*q(h). Let p be 2/((2 + -1)*2). What is y(p)?
-5
Let t = -5 + 13. Suppose 5*y = -3*h + 16, -3*y - 2*y + t = -h. Let o(q) = 2*q**2 - 2*q - 2. Calculate o(y).
2
Let h(o) = -3*o**2 - o + 2. Let x = 49 + -52. Determine h(x).
-22
Let q(a) be the first derivative of -a**3/3 + a**2/2 - 2*a + 1. Let n(d) = d**3 + 6*d**2 + 7*d - 6. Let s be n(-4). Calculate q(s).
-8
Let h(a) be the third derivative of a**4/3 - a**3/6 - 3*a**2. Give h(1).
7
Let w(b) be the third derivative of -17*b**6/120 + b**5/30 - b**3/6 - 4*b**2. Determine w(1).
-16
Let c(h) = -2*h**2 - 2*h - 1 + 3*h**2 + 6*h. Suppose 23 = 5*l - 42. Suppose -l + 1 = 3*t. Determine c(t).
-1
Let j be 8/44 - 24/11. Let y be (4/(-10))/(j/20). Let g(w) = -w**3 + 5*w**2 - 3*w + 1. Determine g(y).
5
Let b = 7 + -4. Let m be (-18)/5*(-90)/27. Suppose -b*y = y + m. Let n(h) = -h**2 + h + 4. Calculate n(y).
-8
Let g be (-2 + (-10)/(-4))*0. Suppose u + 4*u + 15 = g. Let i be (3 + u)*(1 + 0). Let o(z) = z**2 + z + 2. What is o(i)?
2
Let j(h) = -h - 4. Let t(z) = z + 4. Let n(s) = 6*j(s) + 5*t(s). Determine n(3).
-7
Let l(p) = -p**3 - 10*p**2 - p - 11. Let c(g) = -g**2 - 1. Let x(t) = -2*c(t) + l(t). What is x(-8)?
-1
Let a(o) be the third derivative of o**4/24 - o**3/3 + 35*o**2. Give a(5).
3
Let s = -11 - -5. Let l be -2 - (s - 0/3). Let x(d) = d + 4. Determine x(l).
8
Let c(f) = -7 + f**2 + 6*f + 1 + 7. Determine c(-5).
-4
Let u = 1 + -4. Let p(h) be the third derivative of -h**4/12 + h**3/3 + 2*h**2. Calculate p(u).
8
Let i(j) = j**3 + 6*j**2 - j - 4. Let g be i(-6). Let k(c) = c + g*c - c. Let a(f) = f**2 + 28*f + 95. Let o be a(-24). What is k(o)?
-2
Let x(k) be the second derivative of k**4/4 + k**3/6 - 9*k. What is x(1)?
4
Let x be 6/15*-1*-10. Suppose 5*s = -n + 12 + x, 17 = 2*n + 5*s. Let k(c) = 5*c**2 - 2*c + 1. What is k(n)?
4
Suppose -2 + 0 = l. Let r(m) = m**2 - m. Suppose -y = -2*y + 1. Let c(j) = 3*j**2 - 6*j. Let q(z) = y*c(z) - 4*r(z). Determine q(l).
0
Let o(u) = -u**3 - 7*u**2 - 6*u + 2. Let d(q) = q**2 - 6*q + 5. Let t be d(6). Suppose 5*m + 7 + 27 = -2*f, 0 = -5*m + t*f - 20. Give o(m).
2
Let r(d) = -6 + 0 + 10*d - 1. Let p(h) = 7*h - 5. Let q(j) = 7*p(j) - 5*r(j). Let u be (-15)/2*2/(-3). Give q(u).
-5
Let v(a) = 5*a**2 + 9*a - 8. Let u(w) = 4*w**2 + 7*w - 7. Let y(d) = 4*u(d) - 3*v(d). Calculate y(3).
8
Suppose -7 - 5 = -3*o. Suppose f = o*f - 9. Let c(g) = g**3 - 4*g**2 + 2*g + 4. What is c(f)?
1
Let b(q) = q**2 + 6*q + 3. Suppose -l + 10 = u, -3*u = -18 + 3. Suppose -3*i - l - 7 = 0. Calculate b(i).
-5
Let j be (-19)/4 - 16/64. Let w(z) = -z**3 - 5*z**2 - 2*z - 6. Determine w(j).
4
Let g(q) = q + 16. Let c be g(-12). Suppose l + 0*l - 5 = -w, -4*w = -c*l + 20. Let d(x) = -x**2 + x - 5. Calculate d(w).
-5
Let g = 17 - 13. Let x(i) = i**3 - 5*i**2 + i + 3. Give x(g).
-9
Let j(r) = r**2 - 4*r + 2. Let y(a) = -6*a**2 - a + 1. Let q be y(1). Let p = q - -9. What is j(p)?
-1
Let x(z) = -z**3 + 4*z**2 + 3*z + 4. Suppose 0 = 5*v - p - 25, 4*p - 9 = -v - 4. Suppose 5*h + c = 5*c + 45, 0 = h + 2*c + v. Determine x(h).
-6
Suppose 4 + 2 = -2*s + 4*g, -3*s - 4 = -g. Let u be (-2 + 3)/(s/3). Let y(l) = l**3 + 3*l**2 - 4. What is y(u)?
-4
Let z(k) be the first derivative of -k**2/2 - 3*k - 1. Let x = -22 - -25. What is z(x)?
-6
Let y(k) = 23*k**2 - 6*k - 20. Let w(c) be the third derivative of -2*c**5/15 + c**4/12 + 7*c**3/6 - c**2. Let h(g) = -17*w(g) - 6*y(g). What is h(2)?
-3
Let n be (2 - 3/1)*5. Let j(u) = u**3 + 6*u**2 + u + 2. Let m(l) = -l**3 - 6*l**2 - 3. Let w be (-1 - -2) + -3 - -6. Let g(h) = w*m(h) + 5*j(h). Calculate g(n).
-2
Suppose b = -8 + 7. Let y(z) = -2*z. Calculate y(b).
2
Let h(x) = 2*x + 1 + 7*x - 2*x. Suppose 1 = 3*s - 2. Let r = s - 2. What is h(r)?
-6
Let d(i) = -i**3 - 3*i**2 - 2*i - 2. Let k(z) be the first derivative of -z**3/3 + z**2 + 2*z + 2. Let b be k(3). Let h be (3/(-4))/(b/(-4)). Calculate d(h).
4
Let s(j) = -j**3 + 9*j**2 + 2*j - 8. Suppose r + 4*i + 0*i - 25 = 0, -5*r + 37 = -2*i. Give s(r).
10
Let o(d) = d**3 + 8*d**2 + 16*d + 55. Let c be o(-7). Let i(p) = p**2 + 8*p - 6. Determine i(c).
-6
Let j(i) = -3*i + 1. Suppose 0*g = -3*z - g + 5, -2*g + 2 = 2*z. Let w = z - 4. Let s(k) = k**3 + 2*k**2 + 2*k + 2. Let t be s(w). Determine j(t).
7
Let d(r) = r + 4. Let l be d(-2). Let u be -4 - (-2 + (3 - l)). Let t(n) = -3 - n - 3 + 4. Give t(u).
1
Let l(v) = 5*v - 21. Let t be l(6). Let j(b) = -b**2 + 8*b - 2. Calculate j(t).
-11
Suppose 6*l = -1 - 5. Let p(g) be the second derivative of 5*g**4/12 - g**3/6 - g**2/2 + g. Determine p(l).
5
Let d(z) be the second derivative of 1/120*z**5 + 1/24*z**4 + 2*z + 0*z**2 + 0 - 1/3*z**3. Let a(r) be the second derivative of d(r). What is a(3)?
4
Let a = 10 - 10. Let j(n) be the third derivative of -1/24*n**4 + 0 + 0*n + 1/20*n**5 + a*n**3 - 2*n**2. Calculate j(-1).
4
Let j = 6 + -3. Suppose -r - 7 = -0*r + 2*s, 23 = r - 4*s. Let i(m) = 2*m**2 - m**2 + 2*m**r + 3*m - j*m**3. What is i(3)?
-9
Let t be (-19)/4 + (-2)/8. Let y be 6/(-9) + t/(-3). Let w be (-1)/(y/(0 + 1)). Let i(n) = 4*n**2. Determine i(w).
4
Suppose 2*o + 6 = y, -3*o = -3*y + o + 14. Let s(i) = i**2 - 13*i + 0*i**2 + 11*i - 2*i**y. Calculate s(-3).
-3
Let h(z) be the third derivative of 0*z + 1/6*z**3 + 0 - 3*z**2 + 5/24*z**4. Calculate h(1).
6
Let l(v) = -v**3 - 10*v**2 - 2*v - 16. Let p be l(-10). Let a(h) = -h**3 + 4*h**2 - 4*h + 6. Give a(p).
-10
Let s be (1 - -1)/((-6)/15). Let f(y) = -y + 1. Let k be f(s). Let r = 9 - k. Let d(j) = j**3 - 3*j**2 - j + 3. Determine d(r).
0
Let f(g) be the second derivative of -7*g**5/20 - g**4/12 + g**2/2 - 2*g. Let r(h) = h + 5. Let b be r(-4). What is f(b)?
-7
Let j be 31/(-7) - (-72)/(-126). Let m(o) = -2*o + 4*o**2 + 2*o - 3*o + o**3. Calculate m(j).
-10
Let c(h) = -6*h + 2. Let b(i) = -7*i + 1. Let g(p) = 5*b(p) - 6*c(p). Suppose y - 1 = 7. Suppose y = 2*x - f, x + 4*f = 8*f + 11. Determine g(x).
-4
Let u = 63/5 + -101/10. Let j(l) be the first derivative of -3 + 1/3*l**3 - u*l**2 - 3*l. What is j(4)?
-7
Let k(h) = -h**3 + 3*h**2 - 5*h + 4. Let p be ((-11)/11)/(2/(-8)). Determine k(p).
-32
Suppose -17 = 4*o + 3. Let v(t) = t**2 + 6*t + 3. What is v(o)?
-2
Let h(l) = -7*l**3 - l**2. Let q = 57 + -56. Calculate h(q).
-8
Let z(o) = -5*o**3 - 2*o**2 - 2*o - 1. Let y(k) = -k**3 + 8*k**2 + k + 2. Let w be y(4). Let u be w/(-25) - 2/10. Let m be u*3/(-18)*-2. Calculate z(m).
4
Let r(t) = t**3 + 8*t**2 + 6*t - 8. Let i be r(-7). Let u(v) = -4*v**2 + 3*v**2 - 2*v**3 - 5*v**3. Calculate u(i).
6
Let b(f) = 6*f. Let n be b(-1). Let